rd derivative of -z**5/60 + z**4/24 - z**3/6 + 2*z**2. Calculate j(s).
-7
Let z = 10 - 14. Let m(l) = 5*l**3 + 11*l**2 + 9*l - 2. Let d = 101 + -100. Let g(o) = o**3 + o**2 + o. Let v(p) = d*m(p) + z*g(p). What is v(-6)?
4
Suppose 4*o - k = 2*k + 58, -o + 4*k + 8 = 0. Suppose o*n - 9*n + 14 = 0. Let j(x) = 2*x**2 + 3*x. Determine j(n).
2
Let o = -177 + 180. Let k(i) = 3*i**3 - 3*i**2 + i - 4. What is k(o)?
53
Let d(v) = v**2 + 2*v - 3. Let y(l) = -l - 5. Let p be y(-11). Suppose o - 4*b = 4*o + 5, 0 = -o + 3*b - p. What is d(o)?
0
Let x(f) be the second derivative of 17*f**5/20 + f**2/2 + 27*f. Let m be (-2 + 3)/((-1)/(-2)). Suppose 4 = 5*v - 3*a, 3*v - 1 = m*a + 2. Calculate x(v).
-16
Let s = -750 - -755. Let f(t) = 4*t - 16. Give f(s).
4
Let o(x) be the third derivative of x**4/24 - 3*x**3 - 77*x**2 - 2*x. Give o(10).
-8
Let c = 85 - 51. Let j = c + -30. Let o(b) = -j*b + b**3 - 103 - 2*b**2 + 0*b**3 + 106 + 0*b**2. Calculate o(3).
0
Let m(w) = -w**3 - w**2 - w + 1. Let q(h) = h**3 - 6*h**2 - 7*h - 8. Let a(y) = 2*m(y) + q(y). Calculate a(-7).
8
Let m(h) be the first derivative of -h**5/120 - h**4/8 - 13*h**3/3 - 4. Let q(y) be the third derivative of m(y). Give q(-2).
-1
Let s(q) = 5*q + 8*q + 5*q - 14 + 8*q - 29*q. Calculate s(-8).
10
Let c(o) = 3*o - 10. Let g be c(6). Let f be ((-15)/(-12))/((-2)/g). Let i(p) = -p**3 - 4*p**2 + 3*p - 7. Determine i(f).
3
Let w(q) be the first derivative of -1/4*q**4 + 31 + 14/3*q**3 - 6*q**2 - 14*q. Calculate w(13).
-1
Let w = 219 + -225. Let c(k) = -6*k**3 - 10*k**2 + 2*k + 9. Let y(i) = 7*i**3 + 11*i**2 - i - 10. Let s(d) = -6*c(d) - 5*y(d). Give s(w).
2
Let q = 2 - 3. Let i be q/(-2)*(-11 - -1). Let o(g) be the third derivative of -g**6/120 - g**5/15 + 7*g**4/24 - g**3/6 + 2564*g**2. Determine o(i).
-11
Let y(i) be the second derivative of -3*i**2 + 0 - 10*i + 5/12*i**4 - 1/20*i**5 + 0*i**3. Determine y(5).
-6
Let m(y) be the third derivative of 0 + 1/3*y**3 + 0*y - 3*y**2 - 1/12*y**4 - 1/20*y**5 - 1/60*y**6. Determine m(-2).
10
Let d(n) = n + 3. Let o = -14 + 6. Let l be d(o). Let f(i) = 628*i + 3 - 629*i - 9. Give f(l).
-1
Suppose -9 + 39 = 10*l. Let v(j) = -7*j + 1 + 0*j + 11*j. Let s(f) = -2*f. Let u(z) = -5*s(z) - 2*v(z). Give u(l).
4
Let i = 1 + -6. Let f be (10/8)/(i/(-20)). Let b(m) = 4*m + 3 + 0*m**2 - 4*m + 4*m - m**2. What is b(f)?
-2
Let q(j) = j**3 + 7*j**2 + 5*j - 5. Let n(b) = b**3 + 4*b**2 - 8*b + 18. Let c be n(-6). Determine q(c).
1
Let x(a) be the third derivative of -a**5/120 + a**4/24 + 2*a**3 + 7*a**2. Let d(z) be the first derivative of x(z). What is d(1)?
0
Let i(n) = -n**3 - 260*n**2 + 0*n**3 + 259*n**2 + 11. What is i(0)?
11
Let z(b) be the first derivative of b**3/3 + b + 79. Calculate z(3).
10
Let z(q) = 8*q**3 + 4*q**2 + 16*q**3 - 20*q - 37*q**3 - 13 - 13*q**2 + 14*q**3. What is z(11)?
9
Let t = 7 + -9. Suppose -4*m + 5*z + 28 = 0, -m - 3*m - 4*z = 8. Let i(c) = -m*c - 16 + 3*c**3 + 2*c**2 - 2*c**3 + 16. What is i(t)?
4
Let i(r) = -r**3 - 6*r**2 - 4*r + 4. Let j be i(-5). Let s be -3 - 1*(j - 2). Suppose -5*w + s*w = 25. Let c(n) = -n**3 - 4*n**2 + 6*n - 2. Determine c(w).
-7
Suppose 0 = -11*r - 2*r + 26. Let t(y) = 5*y + 2. Determine t(r).
12
Let m(i) be the first derivative of -i**3/3 - i**2/2 - 35*i + 17. Give m(0).
-35
Let h(g) = -g - 1. Let x = -362 - -359. Determine h(x).
2
Let a(j) = -1 + 6*j**2 - j - 2*j**3 + j**3 - 4*j + 0*j. Suppose 23 = 5*l + 3. Determine a(l).
11
Let p be ((-970)/(-291))/(1/3 + -1). Let u(t) = -3*t + 2. Give u(p).
17
Suppose -4*b = -3*b - 12. Let t(z) be the first derivative of -6*z**2 + 3 - 5*z**2 - 5*z + b*z**2. Determine t(4).
3
Let n(q) be the second derivative of -q**4/12 + q**3 + q**2 - q + 30. Determine n(7).
-5
Let p(t) be the third derivative of 1/120*t**6 + 0*t + 0 - 7/60*t**5 + 1/4*t**4 - 10*t**2 + 2/3*t**3. What is p(6)?
4
Suppose -5*o = -2*o - 12. Let q = -7 + o. Let y(z) = 109*z + 107*z - 12 - 317*z + 102*z + 9. Give y(q).
-6
Let d(v) = -9*v + 17. Let b(w) = -13*w + 15. Let m(o) = -2*b(o) + 3*d(o). Calculate m(18).
3
Let c(m) = 75*m**2 - 220*m**2 + 70*m**2 - 3 + 76*m**2 - 2*m. What is c(-2)?
5
Let i(c) = -c**2 - 11*c + 6. Let t be i(-8). Suppose -g + 5*f + t = 4*g, -3*f - 22 = -5*g. Let k(m) = -5*m + 2 + 2*m**g + 3*m - m**2 - 2*m. Give k(3).
-1
Suppose 0 = -2*c + c + 1. Let s(p) = -27*p - 2*p**2 - c + p**2 + 35*p. Give s(6).
11
Let j(o) = 2*o**2 - 2*o + 3. Let q(s) = 2*s**3 + 13*s**2 - 21*s + 26. Let f be q(-8). Give j(f).
7
Let c(a) = a - 9. Let i be (2 - -4)*(-2)/(-4). Let w(x) = -x + 3. Let l be w(i). Let r be l*(1 + -2 - -2). What is c(r)?
-9
Let i(s) = 17*s**2 - s + 1. Let l(r) = -r**2 + r. Suppose 5*w - 3*g + 0*g = 6, -12 = -w - 3*g. Let t(c) = w*l(c) + i(c). Determine t(-1).
13
Let d(g) = -g**3 - 2*g**2 + 2*g + 1. Suppose 5*m = 3*h - 30, 3*m - 2*h + 19 = -0*h. Let f be d(m). Let b(c) = -c + 4*c - 9 - f*c. Calculate b(-6).
-3
Let u(h) = 5 + 2*h - 2*h - h**2 - 4*h. Let k = 367 - 371. Determine u(k).
5
Let k(a) be the second derivative of -2*a**3/3 + 15*a**2/2 + 2*a + 13. What is k(5)?
-5
Let q(k) = 5 + 226*k - 223*k + 12. Determine q(-8).
-7
Suppose 9*w = 8*w + 9. Suppose 7 + w = 8*z. Let q(a) = -2*a + a**3 + 0*a + 0*a**3. Calculate q(z).
4
Let u(w) = w**3 + 19*w**2 + 90*w + 5. Let d be u(-9). Let r(j) = 2*j + 2. What is r(d)?
12
Let b(w) be the second derivative of w**5/20 - 3*w**4/2 + 17*w**3/6 - 3*w**2 + 118*w. What is b(17)?
-6
Let t(z) = -2*z**3 - 31*z**2 + 16*z - 4. Suppose 11*j - 7*j - 68 = 5*r, 0 = -3*r - j - 51. Determine t(r).
-4
Let j(p) = 20 - 13 + 11*p**2 - 3*p - 8 - 14*p**2 - p**3. What is j(-2)?
1
Let b(t) = t**3 + 4*t**2 + 2*t - 1. Let m = 2 + 1. Let l be (-8)/m + 0 - (-3)/(-9). What is b(l)?
2
Let g(t) = -2 + 9*t - 13*t + 9*t + 4*t - t**2. Give g(7).
12
Let s(p) = 7*p**3 + 4*p**2 + 3*p. Let y be s(-1). Let c(n) = -n**2 - 9*n - 5. Determine c(y).
13
Let p(n) = -3*n**2 + 3 + 37*n + 4*n**2 - 34*n. Determine p(-4).
7
Let o(u) = 7*u**2 - 2*u + 1. Let t(h) be the first derivative of -h**4/4 + 8*h**3/3 - 11*h**2/2 - 5*h + 8. Let y be t(6). What is o(y)?
6
Let c(w) = -w**2 - 5*w - 1. Suppose -3*q = -2*q - 26. Suppose -5*j + 6 - q = 0. Give c(j).
3
Suppose 5*f - 65 = 5*k, -3*f - 3*k = -5 - 4. Let p(d) = -6*d - 1. Let c be p(-1). Let w(v) = c*v - 2*v + 4 - f. What is w(-4)?
-16
Let p(i) be the third derivative of i**6/24 - i**4/8 - i**3/3 - 245*i**2. Calculate p(-1).
-4
Let b(c) be the second derivative of -c**5/20 - 7*c**4/12 - 5*c**3/6 + 3*c**2 + c. Let p be 0 + 32 - 4/4. Let u = p + -37. Determine b(u).
0
Let k(w) = 38*w - 12. Let l(n) = 19*n - 5. Let v(u) = 2*k(u) - 5*l(u). Determine v(-1).
20
Let r be (-2)/(-2)*(-1)/(-1). Let j(k) be the second derivative of 0 - 2*k + 1/5*k**5 + 0*k**4 + 0*k**3 - 1/2*k**2. What is j(r)?
3
Suppose -4*x + 2 = -3*b + 14, 5*x + 15 = -b. Suppose 2*q + 2 + 2 = b. Let m(s) be the first derivative of -s**4/4 - s**3/3 - s**2 + s - 2. What is m(q)?
9
Let f be -3 + (1 - -3) - -2. Let k be f/(6/4) - -3. Let n(t) = -2*t + 2. Determine n(k).
-8
Let n(r) = -1. Let y(m) = m**2 + 6*m + 2. Let o(v) = 5*n(v) + y(v). Let a be 2/(-24) - 5885/660. Give o(a).
24
Let t be (-3)/(-3)*0 + (42 - 45). Let v(p) = -p**2 + p + 6. Calculate v(t).
-6
Let t(s) = -25*s**2 - 2*s - 7. Let k(m) = -56*m**2 - 5*m - 15. Let x(a) = 4*k(a) - 9*t(a). Determine x(2).
3
Let m(t) = t**2 - 5*t - 1. Suppose -4*c + 50 = 5*k, -6*k + c + 13 = -3*k. Let q = 10 - k. Give m(q).
-5
Let n be 2/((-246)/63 + 4). Suppose -3*b + n = -6. Let i(s) = 7 + 0*s**2 - b*s**2 + 8*s**2 + 3*s - 7*s. What is i(-5)?
2
Suppose 4*z + 24 = 8*z. Suppose -z*u + u = -40. Suppose -4*q - u = -o - o, -q + o - 4 = 0. Let c(a) = a**3 - a**2 + 3. Give c(q).
3
Suppose -3*a - 4 + 21 = -4*f, 0 = -2*f + a - 9. Let w(p) = -p**2 - 9*p + 6. What is w(f)?
26
Let j(v) be the first derivative of v**2 - v - 101. Calculate j(-10).
-21
Let d(r) = 4 - 4 + 5 - 21*r + 6*r + 12*r + 5*r**2. Give d(2).
19
Let u = -29 + 28. Let v be -2 + (-11 - -3)*u. Let n(o) = o**2 - o - 7. Calculate n(v).
23
Let v(o) = -2*o + 2. Suppose 9*h - 21 = 33. Determine v(h).
-10
Let j(y) = 7*y**3 + 19*y**2 + 3*y - 14. Let w(i) = 3*i**3 + 9*i**2 + 2*i - 7. Let s(n) = 4*j(n) - 9*w(n). What is s(6)?
7
Let s(w) be the second derivative of w**4/12 + 5*w**3/3 - 15*w**2/2 - 141*w + 3. Calculate s(-11).
-4
Let